?
2
Calculate the greatest common divisor of 130131 and 714579.
2283
Calculate the greatest common divisor of 4423230 and 273870.
1530
What is the highest common divisor of 58995432 and 864?
216
What is the highest common divisor of 1493371 and 802351?
3839
Calculate the highest common divisor of 24894152 and 8.
8
Calculate the highest common divisor of 54 and 7062372.
18
Calculate the greatest common divisor of 45526 and 83211022.
3502
What is the highest common divisor of 3593796 and 60?
12
Calculate the highest common factor of 14 and 9195865.
7
What is the greatest common divisor of 56135073 and 211?
211
Calculate the greatest common divisor of 47168 and 762432.
704
Calculate the highest common factor of 462861 and 192969.
189
Calculate the highest common divisor of 350664465 and 5.
5
Calculate the greatest common factor of 462 and 1545159.
231
What is the greatest common divisor of 176 and 650914?
22
What is the highest common factor of 12792 and 81197220?
6396
What is the greatest common divisor of 46215 and 22035?
195
Calculate the highest common factor of 136 and 285911848.
136
What is the highest common factor of 57912 and 1596?
228
What is the greatest common divisor of 896 and 179645312?
896
Calculate the greatest common factor of 57370526 and 1796.
898
Calculate the greatest common factor of 2537 and 18172.
59
What is the greatest common factor of 1088085 and 12891360?
3765
Calculate the highest common factor of 559 and 435361498.
559
Calculate the greatest common divisor of 160146042 and 42.
42
Calculate the greatest common divisor of 5950 and 3124226.
238
What is the greatest common divisor of 3069 and 1457217?
279
What is the greatest common factor of 4576519 and 3451?
493
Calculate the greatest common factor of 24236388 and 2376.
1188
Calculate the greatest common divisor of 2832 and 3426.
6
Calculate the highest common divisor of 16107 and 830571.
21
What is the greatest common divisor of 152650 and 783130?
710
Calculate the greatest common factor of 1872 and 1947504.
624
What is the highest common factor of 216032717 and 1007?
1007
What is the highest common divisor of 940737 and 357?
21
What is the highest common divisor of 22161 and 232913?
89
What is the greatest common divisor of 72629860 and 40?
20
Calculate the highest common divisor of 151730 and 33290.
10
Calculate the greatest common factor of 106578 and 67518.
558
What is the greatest common factor of 4104 and 3143016?
216
Calculate the highest common divisor of 9 and 13540239.
9
What is the greatest common factor of 52483828 and 13336?
6668
What is the highest common factor of 153907380 and 3960?
1980
Calculate the greatest common divisor of 1183916 and 3608.
164
What is the greatest common factor of 852 and 835656?
12
What is the greatest common factor of 53457 and 218154?
309
Calculate the greatest common divisor of 995095 and 92.
23
What is the greatest common divisor of 1581826 and 380?
38
What is the highest common divisor of 30 and 14669115?
15
What is the highest common factor of 264004 and 3068?
52
What is the greatest common factor of 206650 and 15350?
50
What is the greatest common divisor of 44659928 and 8?
8
Calculate the highest common divisor of 4592285 and 424715.
865
Calculate the greatest common factor of 565 and 204695545.
565
Calculate the greatest common divisor of 7013464 and 259888.
3512
Calculate the highest common factor of 7472836 and 609.
203
What is the highest common factor of 3897210 and 666?
222
What is the highest common divisor of 200 and 31508600?
200
What is the highest common factor of 350265 and 3135?
285
Calculate the greatest common factor of 38125 and 23416680.
305
What is the greatest common factor of 5490444 and 17628?
1356
Calculate the highest common factor of 158646 and 66.
6
Calculate the greatest common factor of 9293771 and 1608.
67
Calculate the greatest common factor of 1390 and 162740.
10
What is the greatest common factor of 207033544 and 8?
8
What is the greatest common divisor of 123 and 431603187?
123
What is the highest common factor of 24157997 and 3532?
883
What is the greatest common factor of 717 and 4974546?
717
What is the greatest common divisor of 4736 and 4659925632?
4736
Calculate the highest common factor of 153 and 6558447.
51
What is the highest common factor of 718104081 and 11547?
3849
What is the greatest common factor of 3944253 and 15918?
1137
What is the highest common divisor of 37229452 and 2444?
2444
Calculate the greatest common factor of 504374 and 411996.
494
What is the greatest common factor of 15498268 and 8016?
668
What is the highest common factor of 140857 and 264413?
79
Calculate the highest common divisor of 792612 and 3456.
108
Calculate the greatest common divisor of 16563 and 439974011.
5521
Calculate the greatest common factor of 340847905 and 545.
545
What is the highest common divisor of 1151225 and 150?
25
What is the highest common factor of 6350 and 109010450?
6350
Calculate the greatest common divisor of 1456 and 2666326.
26
What is the highest common factor of 1356 and 8256119?
113
What is the highest common factor of 189917 and 3523?
13
What is the highest common divisor of 589 and 3143245?
31
Calculate the highest common divisor of 12303 and 1095.
3
What is the highest common factor of 906230 and 3890?
10
Calculate the greatest common factor of 18 and 14842629.
9
What is the greatest common factor of 1076 and 13341862?
538
Calculate the highest common divisor of 168 and 1929804.
12
What is the greatest common divisor of 2272 and 1563040?
32
What is the greatest common factor of 336 and 71069124?
84
What is the highest common factor of 6 and 7010403?
3
What is the greatest common divisor of 1115613539 and 733?
733
What is the greatest common factor of 16 and 1751773040?
16
What is the highest common divisor of 99004440 and 285?
285
Calculate the greatest common divisor of 239 and 6643961.
239
Calculate the greatest common divisor of 10772 and 64.
4
Calculate the highest common divisor of 657265 and 138929.
623
Calculate the highest common divisor of 11050 and 1501950.
850
What is the highest common factor of 2693163 and 132?
33
Calculate the greatest common divisor of 29000 and 1112750.
250
Calculate the greatest common factor of 7038 and 1257732.
414
Calculate the greatest common factor of 94 and 537764.
2
Calculate the highest common factor of 28656 and 653652912.
9552
Calculate the greatest common factor of 4413 and 35314297.
1471
What is the highest common divisor of 160 and 30788960?
160
What is the highest common factor of 12231 and 9518436?
1359
What is the highest common factor of 11030877 and 117?
117
Calculate the greatest common factor of 106376900 and 700.
700
What is the greatest common factor of 527 and 177089?
17
What is the greatest common divisor of 14064 and 56688?
48
Calculate the highest common factor of 7596955 and 5.
5
What is the highest common factor of 139950 and 25502?
622
What is the highest common divisor of 115735360 and 109343?
8411
What is the highest common divisor of 5621718 and 24?
6
Calculate the greatest common divisor of 1293045 and 190.
95
What is the greatest common factor of 202059 and 270666?
99
What is the highest common divisor of 178760 and 1995?
5
What is the highest common divisor of 7467 and 14034030?
393
Calculate the highest common factor of 68834832 and 792.
264
What is the highest common divisor of 7847808 and 8512?
64
Calculate the greatest common factor of 1160 and 20339440.
1160
Calculate the highest common factor of 21068 and 1202708.
916
What is the highest common divisor of 281397737 and 30244?
7561
Calculate the highest common factor of 117819 and 76320.
477
What is the highest common factor of 4830742488 and 66?
66
Calculate the greatest common divisor of 21645 and 13245445.
185
What is the greatest common factor of 13413 and 426054?
51
Calculate the greatest common divisor of 120 and 144842976.
24
Calculate the highest common divisor of 1561596 and 41439.
2181
What is the highest common factor of 110638 and 2037387?
1177
What is the greatest common factor of 22057 and 260972122?
3151
Calculate the greatest common factor of 7 and 1508657.
1
What is the greatest common factor of 38851191 and 27?
27
What i